**3/2 + 82*m**2 + 9*m - 1. Give l(-27).
2
Let r(p) be the second derivative of 1/6*p**3 + 0 - 34*p - 2*p**2. What is r(-4)?
-8
Let p(h) = 0*h - 52 - 17 + 2*h + 133 - 38. Calculate p(-8).
10
Let o(d) = -48*d + 78. Let b be o(-7). Let k = b - 413. Let a(j) = -33*j - 10. Let l(c) = 22*c + 7. Let y(p) = -5*a(p) - 7*l(p). Calculate y(k).
12
Suppose 2*z + 196 = 2*a, z - 6*z = 2*a - 161. Suppose 8*d = a + 3. Let m(h) = h**2 - 12*h - 6. Determine m(d).
-6
Let j be (291/485)/((-1)/5). Let y(q) = -2*q**2 - q. Give y(j).
-15
Let w be (1/(-6))/(14/(-84)) + 0. Let i(f) = 11*f - 17. Let k be i(w). Let n(s) = s + 4. Determine n(k).
-2
Let x(g) = -165 + 4*g - 167 - g - 188 + 526. What is x(6)?
24
Let w(j) = -6*j - 27. Suppose 4*d + 3*h + 30 = 0, h = -d + 7 - 15. Determine w(d).
9
Let n = 3926 + -3927. Let p(h) = -32*h**3 - h**2 - h. Calculate p(n).
32
Let a = 21 - 20. Let z(n) = n**2 + 3*n**3 - 27 + 2*n + 66 - 19 - 22. Give z(a).
4
Let h(o) = 91*o - 34. Let t(d) = 27*d - 11. Let p(v) = -25*v + 11. Let q(j) = 3*p(j) + 4*t(j). Let s(m) = -4*h(m) + 11*q(m). Determine s(14).
1
Let c(k) = -10*k**2 + 86*k**3 + 89*k**3 - 2*k - 16 - 176*k**3. Give c(-10).
4
Let g = -14 - -14. Suppose 0 = 5*z - g*z - 40. Let b(l) = -z*l + 7*l + 1 - l - l**2. Calculate b(-2).
1
Let x(j) = -126*j + 318*j - 123*j - 70*j - 4*j**2 - 2*j**2. What is x(-2)?
-22
Let q(f) = -5*f + 4. Let b(g) = -44*g + 53. Let x(l) = b(l) - 8*q(l). Determine x(9).
-15
Let j(w) = w**3 + 10*w**2 + 8*w + 2. Suppose -96 = -4*v - 2*c, -10*c = -5*c. Suppose v*i - 27 = 27*i. Give j(i).
11
Let w(s) = -25*s**2 + 2*s - 2. Let q(u) = u**2 + 1. Let n(o) = -3*q(o) - w(o). Let l(x) = 10013*x + 180233. Let h be l(-18). Give n(h).
23
Suppose 3*p - 1071 + 1080 = 0. Let d(q) be the first derivative of q**4/4 + q**3/3 - q**2/2 - q + 21. Calculate d(p).
-16
Let q(w) = -17 + 4 - 3 - 21*w**2 - 12*w + 682*w**3 - 342*w**3 - 342*w**3. Give q(-10).
4
Let n(y) = -3*y + 12. Let l = 39 - 32. Suppose l*v - 12 = v. Suppose 3*o + v*o = 45. Give n(o).
-15
Let n(a) = -12 + 8*a**2 + 70*a**2 - a - 76*a**2 + a**3. Determine n(0).
-12
Let t(a) be the second derivative of -a**5/60 + a**4/24 - 11*a**3/6 - 227*a**2/2 + 131*a. Let d(o) be the first derivative of t(o). Calculate d(0).
-11
Let s(q) = -q**3 + 7*q**2 - 2*q - 4. Let o = -1437 - -1444. Give s(o).
-18
Suppose 20*k - 36 - 151 = 13. Let c(r) = 13*r - 16. What is c(k)?
114
Let z(o) = o**2 - 13*o + 10. Let l(h) = 30 - 34*h + 24*h - h**2 - 9. Let i be l(-11). Calculate z(i).
-20
Let r be -5 + 21 + -5 + 42 + -51. Let n(h) be the first derivative of -5*h + 9/2*h**r - 1/3*h**3 - 51. Determine n(9).
-5
Let q(w) = -846 + 1747 + 6*w - 859. Determine q(-8).
-6
Let m be (-2 + 5)*1/3. Let i(p) = 15. Let q(g) = -7. Let d(r) = i(r) + 2*q(r). Let n(y) = y + 5. Let w(z) = m*n(z) + 6*d(z). Determine w(-10).
1
Let v(z) = 4*z**2 + 3*z - 1. Let s(n) = -4*n**2 - 2*n. Let m = 163 + -297. Let h = m - -137. Let l(p) = h*s(p) + 2*v(p). Calculate l(2).
-18
Suppose 0 = q + 1, 3*q = -5*k + 9*k + 1. Let s(v) = -v**2 - v - 2. Give s(k).
-2
Let t(u) = 2*u**2 - 7*u - 7. Let n(r) = -3*r**2 + 8*r + 8. Let g be (-4)/((-16)/(-12)*(-3)/(-82)). Let a = 78 + g. Let s(m) = a*t(m) - 3*n(m). Determine s(-4).
4
Suppose 29890*o - 76 = 29909*o. Suppose -2*c = 2*c - 24. Let j(f) = -2 - f**2 + 0*f**2 + 0*f - c*f. Calculate j(o).
6
Suppose 3*t + 3*a + 3 = 0, 3*t - t + 12 = -4*a. Let k be 2/(-3 + 13/t). Let d(r) = -3*r + k*r - 3*r - 1 - 3*r**2. What is d(1)?
-2
Let v(a) be the third derivative of a**4/12 + 2*a**3/3 - 7*a**2 - 2*a - 30. Let w be 8/60 - 92/15. What is v(w)?
-8
Let j(b) = -b**3 + 10*b**2 + 9*b + 2. Suppose 0 = -124*z - 45*z + 1574 + 285. What is j(z)?
-20
Let z(m) = 4*m - 6. Let d(a) = a. Let s(c) = 5*d(c) - z(c). Suppose 0 = f - 45*l + 40*l - 25, l + 5 = 0. Determine s(f).
6
Suppose z = -7 + 10. Suppose -4*m - z*f = -1, 4*m - 4*f - 4 = 8*m. Let o(i) = i + m - 5 - 3*i. What is o(2)?
-5
Let r(j) = -5*j + 8. Let b(m) = 4*m - 7. Let p(n) = -3*b(n) - 2*r(n). Suppose 0 = 12*y - 32 + 104. Determine p(y).
17
Let u(o) = 3*o**3 + 19*o**2 - 17*o - 5. Let f(n) = 5*n**3 + 29*n**2 - 27*n - 7. Let m(v) = -5*f(v) + 8*u(v). What is m(7)?
-12
Let d(b) = -b**2 + 9*b + 5. Let g(f) = 5*f**2 - 37*f - 20. Let s(y) = -9*d(y) - 2*g(y). Let r(t) = -11 - 8 + 4*t + 0*t - 3*t. Let n be r(14). Give s(n).
5
Let g(u) = 3*u - 1. Let a(z) = -3*z + 3. Let v(b) = 2*a(b) + 3*g(b). Suppose -4*p - 6 = -o, o + 4*p = -13 - 5. Calculate v(o).
-15
Let f(j) = 2*j - 9912 + 9915 + 9*j**2 - 10*j**2. Calculate f(8).
-45
Let h(r) = -4*r - 148. Suppose 108*n + 1890 - 25110 = 753*n. Calculate h(n).
-4
Suppose -178*i + 6869 + 2957 = 400*i. Let n(l) = l**2 - 17*l - 52. What is n(i)?
-52
Let m(t) = t**2 + 0 + t**3 - 3 + 2. Let n be (15 + 352/(-24))*(4 + -1) - -1. Calculate m(n).
11
Let s(f) be the second derivative of -6 + 1/2*f**4 + 1/20*f**5 + 1/3*f**3 + 18*f - 5*f**2. What is s(-5)?
5
Let t(g) = 200*g - 55. Let s be t(16). Let o(i) = -2*i**2 - 3146 + s + 5*i**2 + i - i**3. Calculate o(4).
-13
Let z(r) = 2*r**2 + 36*r + 27. Let n be z(-17). Let b(g) = g**3 + 13*g**2 + 39*g - 15. What is b(n)?
6
Let g(y) = y - y - 10 + 0*y - 4*y. Let o(n) = 3941*n + 3934. Let a be o(-1). Calculate g(a).
18
Suppose 420 = 18*y - 4*y. Suppose -11*v + 21*v - y = 0. Let c(q) = -2*q**2 + 2*q + 2. Calculate c(v).
-10
Let y(q) = 10*q**3 + 8*q**2 - 17*q - 3. Let f(z) = 23*z**3 + 17*z**2 - 34*z - 7. Let k(x) = 3*f(x) - 7*y(x). What is k(-7)?
-21
Let l(n) = n + 7. Let s be 7/2 - -1 - (-9)/(-6). Suppose 15*o - 12*o - 19 = a, 3*a = -s*o + 3. Determine l(o).
12
Let r(o) = o**2 - 23*o - 17. Let m be r(24). Suppose -4*p - b = -10, m*b = -2*p + 4*b. Let j(f) = 2*f**2 + 1 - f**2 - 2*f - 1 - p. What is j(3)?
0
Suppose -515 = 9*z + 2581. Let b = z - -357. Let r(j) = -j**3 + 12*j**2 + 11*j + 18. What is r(b)?
-8
Let w = -49 + 48. Let k(v) be the first derivative of -5*v**4/2 - v**3/3 - v**2 - v + 89. Determine k(w).
10
Let s(w) = 7*w + 3*w**2 + 4*w**2 + 291*w**3 - 290*w**3. Let n be -1*(10 - (4 - -1)). What is s(n)?
15
Suppose 0 = -2*c + 2, -2*c - 37 = -4*q + c. Suppose 6*f - q = f. Suppose f*n + 7 = 3*r, -5*r + 1 = -5*n - 4. Let y(i) = -i**3 + 6*i**2 - 8*i + 5. Give y(r).
-10
Let t(r) = r**2 + 7*r + 17. Let v(k) = 11 - 23 - 3 - k**2 - 7*k. Let z(h) = 6*t(h) + 7*v(h). Determine z(-6).
3
Suppose 2 = -2*w - 18. Let q(g) = 7*g**3 + g**2 - 8*g - 6. Let u(n) = -37*n**3 - 8*n**2 + 39*n + 27. Let j(a) = -21*q(a) - 4*u(a). Give j(w).
-2
Let g(z) = -4*z - 9. Let m(l) = l. Let u(s) = -g(s) - 3*m(s). Let o = -28 + 36. Let w be (-15)/(-12) - 50/o. Determine u(w).
4
Let t(p) = 1. Let l = 42 - 36. Let g(j) = -8 - 4*j - j + l*j + 0*j. Let z(v) = -g(v) - 6*t(v). Give z(0).
2
Let k(b) = 2*b - 1. Suppose 12*w + 39 = -93. Let i = -9 - w. Let v be (i/(-4))/(2/(-4)). Determine k(v).
1
Suppose 0 = -2*n - 5*n + 84. Suppose 4*r - 8*i = -n*i, -2*r = -5*i. Let j(l) = -15 + 4*l - l**3 - 3*l - 10 + 4. Determine j(r).
-21
Let g(z) = 12*z**3 + 7*z**2 - 3*z - 15. Let p be g(4). Let u = p - 849. Let a(f) = 12*f - 3. Let y(j) = 6*j - 2. Let d(k) = -3*a(k) + 7*y(k). What is d(u)?
19
Let q(v) = v**3 - 4*v**2 + 8*v - 116. Let j be q(6). Let g be (-4)/((1 - j)*(-70)/105). Let f(n) = -2*n**3 + n**2. Determine f(g).
20
Let y(j) be the first derivative of 1 + 4 - j + 2. Let x(o) = -o - 1. Let g(h) = -x(h) + 5*y(h). Calculate g(7).
3
Let z(l) = l**3 - 7*l**2 + 7*l + 11. Let i(m) = 54*m + 4433. Let a be i(-82). What is z(a)?
-4
Let v(d) = -4*d**2 - 72*d - 24. Let o(s) = -s**2 - 18*s + 2. Let n(h) = -3*o(h) + v(h). What is n(-16)?
2
Let n(w) = -w**3 + w**2 + w + 5. Let k be n(0). Suppose a - 20 = -5*h, 2*a - 15 - k = -5*h. Let o be (-28)/(-14) - h*1. Let u(x) = x. What is u(o)?
-2
Let a be (-310)/(-22) + 414/(-4554). Let t(k) be the second derivative of a*k - 2/3*k**3 - 2*k**2 + 0. What is t(-4)?
12
Let r(w) = 4*w**3 + 2*w**2 + 2*w. Let u = -2522 - -2520. What is r(u)?
-28
Suppose 0 = 9*m - 36, 0*t - m + 4 = -4*t. Let g(o) be the third derivative of t*o + 0*o**3 - 4*o**2 + 0 - 7/60*o**5 + 0*o**4. Calculate g(1).
-7
Let j(o) = -o**2 + 19*o + 183. Let h be 31 + (-4)/(80/100). Give j(h).
1
Let x(r) = 7 - 8*r**2 + 15*r**2 - r - 4 - 6*r**2. Let g be x(3). Let y(z) = z - 5. What is y(g)?
4
Let d(r) = 2*r**3 - 7*r**2 - r + 1. Let q(y) = -5*y**3 + 26*y**2 + 8*y